base 3, what is -122221122 - -20002?
-122201120
In base 4, what is 3 - 220100?
-220031
In base 3, what is 2 - -1020110?
1020112
In base 6, what is -3 + 12324040?
12324033
In base 2, what is 11011 + 1011101010?
1100000101
In base 8, what is 4 + -157706?
-157702
In base 7, what is -43 + -2466?
-2542
In base 12, what is -439735 + 0?
-439735
In base 7, what is 3463 + 1503?
5266
In base 8, what is 62 - -11315?
11377
In base 6, what is 42110 + 2?
42112
In base 7, what is -51006 - 3?
-51012
In base 16, what is -400 - 1d6?
-5d6
In base 4, what is -220203201 + 2?
-220203133
In base 16, what is -23e07 - -2?
-23e05
In base 5, what is -111 - 14004?
-14120
In base 12, what is 7a1 + -1642?
-a61
In base 11, what is 5 + -783a5?
-783a0
In base 13, what is -114081 - 4?
-114085
In base 2, what is 110 - -100101010000101?
100101010001011
In base 9, what is 4 - -210233?
210237
In base 11, what is 3 - -156678?
156680
In base 15, what is 670e + 1?
6710
In base 12, what is -19 - 17a?
-197
In base 15, what is -4 + -351d?
-3522
In base 13, what is 3b - 1a5b7?
-1a579
In base 5, what is 10 + 10402343?
10402403
In base 9, what is -2584227 - -1?
-2584226
In base 12, what is -8656 + -b?
-8665
In base 11, what is 996 + -61?
935
In base 4, what is -12 + 20300113?
20300101
In base 15, what is -8e4c70 + -1?
-8e4c71
In base 5, what is 3311102 + -1?
3311101
In base 4, what is 1302201023 - -2?
1302201031
In base 10, what is 396 + 274?
670
In base 14, what is 9 + 3258c?
32597
In base 2, what is 10111110000101111000 + -11?
10111110000101110101
In base 7, what is -302 - 10551?
-11153
In base 2, what is -10101000110 + -100001000?
-11001001110
In base 8, what is -13 + 255?
242
In base 11, what is 419 - 12?
407
In base 8, what is 4 + 7503?
7507
In base 4, what is -1032221 + -200?
-1033021
In base 15, what is -1a0cc - a?
-1a0d7
In base 6, what is -2 + -1101552?
-1101554
In base 3, what is 2120 - -21121110?
21201000
In base 2, what is -1101010011011110 - 11?
-1101010011100001
In base 15, what is 5 - 64c5?
-64c0
In base 9, what is 24121 + 1?
24122
In base 8, what is -10 - -266324?
266314
In base 12, what is 273 + a4?
357
In base 3, what is 211 + -200101?
-122120
In base 4, what is -220221123 + -2?
-220221131
In base 3, what is -111 - 1001020020?
-1001020201
In base 9, what is 7455 + -251?
7204
In base 7, what is -2606 - 45?
-2654
In base 10, what is -3 - -50144?
50141
In base 11, what is 17547 + -40?
17507
In base 8, what is 4171632 + 5?
4171637
In base 5, what is -4 - 2223202?
-2223211
In base 8, what is 47 + 15105?
15154
In base 9, what is 1 - -837085?
837086
In base 12, what is -188 + -3b?
-207
In base 7, what is -1032 - 110?
-1142
In base 7, what is 45633 - -5?
45641
In base 15, what is c9 + -71?
58
In base 4, what is -13300 - 21102?
-101002
In base 15, what is -2 - 349?
-34b
In base 2, what is 101 - -100000101100100101110?
100000101100100110011
In base 15, what is -5 - -1b2?
1ac
In base 4, what is 101021 + 102?
101123
In base 11, what is -201192 - 12?
-2011a4
In base 3, what is -211202001101 - 110?
-211202001211
In base 3, what is 12022112 - -1101?
12100220
In base 10, what is -269 - 35?
-304
In base 5, what is -30220 + 4334?
-20331
In base 12, what is 7a62 + 16b?
8011
In base 9, what is -13871 + -5?
-13876
In base 16, what is -2b5 + -32?
-2e7
In base 15, what is 3e06 + -3?
3e03
In base 3, what is -202212210200 - 1?
-202212210201
In base 13, what is -317 + -23?
-33a
In base 16, what is -47a - -54a?
d0
In base 4, what is 2 - -10011013032?
10011013100
In base 9, what is -6 - -873?
866
In base 8, what is -122 + -4106?
-4230
In base 8, what is 14575 + 12?
14607
In base 14, what is -1 - 240?
-241
In base 15, what is 1878 + -b?
186c
In base 6, what is 2 - -441440?
441442
In base 14, what is 11c - -d9?
217
In base 6, what is 1405040 + -24?
1405012
In base 6, what is 4241232 + -3?
4241225
In base 2, what is 110101001100 - 1000110?
110100000110
In base 16, what is -4f - 6e?
-bd
In base 10, what is -92 - -571?
479
In base 9, what is 0 + 13538?
13538
In base 6, what is -43400 - 4?
-43404
In base 12, what is -1 + 189732?
189731
In base 10, what is -216 + -60?
-276
In base 9, what is -7810 + -424?
-8334
In base 2, what is 101110101011010110 + -11?
101110101011010011
In base 12, what is 3350 + 637?
3987
In base 13, what is 6 - 7064?
-705b
In base 8, what is 43252 + 5?
43257
In base 4, what is -12230021 + -111?
-12230132
In base 14, what is -12 - -55d?
54b
In base 12, what is -9449 - -18?
-9431
In base 8, what is 2573 + 13?
2606
In base 6, what is 233 + 12402?
13035
In base 6, what is -243 + -1315?
-2002
In base 10, what is -29 - 19582?
-19611
In base 16, what is -130 + 65?
-cb
In base 12, what is -349 - 133?
-480
In base 8, what is 55006 - 16?
54770
In base 15, what is 54 - -496?
4ea
In base 9, what is -3 - 17088?
-17102
In base 14, what is -58d44 - 2?
-58d46
In base 14, what is -d513 + -16?
-d529
In base 6, what is 233451 - 20?
233431
In base 3, what is -211012 - -1121?
-202121
In base 6, what is -1221033 - -2?
-1221031
In base 14, what is -1891 - 44?
-18d5
In base 4, what is -1132121 - -300?
-1131221
In base 16, what is 1109 + de?
11e7
In base 8, what is -2312 + -173?
-2505
In base 15, what is -3c0 - ba?
-48a
In base 14, what is 10 + 22c9?
22d9
In base 5, what is 14001 - 1010?
12441
In base 11, what is -31 - -248?
217
In base 6, what is -3034 + -4150?
-11224
In base 10, what is 5 + -51908?
-51903
In base 15, what is 34a1 + 28?
34c9
In base 8, what is -133 - -522?
367
In base 14, what is -2 - 61d39?
-61d3b
In base 9, what is -337417 + -3?
-337421
In base 2, what is 10111 - 10100110010?
-10100011011
In base 8, what is 15646 - -37?
15705
In base 9, what is -36236 - -6?
-36230
In base 12, what is -4 - -168021?
168019
In base 5, what is -12 - -4131432?
4131420
In base 13, what is 4471 + 37b?
481c
In base 2, what is -101111011000011110 - 100?
-101111011000100010
In base 5, what is -121303323 - -3?
-121303320
In base 8, what is -450 - 1642?
-2312
In base 2, what is -10011000011101 - 10000000?
-10011010011101
In base 11, what is 36713 - 2?
36711
In base 2, what is 10 - -10010110110001111?
10010110110010001
In base 3, what is 11112 + -211012?
-122200
In base 8, what is 662 - 12?
650
In base 12, what is 1 - -1140?
1141
In base 14, what is 2 - -1c3a?
1c3c
In base 2, what is 10000 - 11100111101101?
-11100111011101
In base 13, what is 65 - 1681?
-1619
In base 11, what is -116a2a7 + -4?
-116a300
In base 11, what is -14 + -556?
-56a
In base 10, what is -26473 + 5?
-26468
In base 7, what is 334 - -34413?
35050
In base 16, what is 82e3 - c?
82d7
In base 15, what is -75a2 + -1?
-75a3
In base 6, what is -2 + -455045?
-455051
In base 14, what is 0 - 48cc?
-48cc
In base 5, what is -1 - 3433104?
-3433110
In base 13, what is -36241 + 24?
-3621a
In base 6, what is -35 + 133?
54
In base 5, what is -3 - 3024112?
-3024120
In base 9, what is 13406 + -26?
13370
In base 15, what is -3 + 1cae?
1cab
In base 5, what is 123010400 - 10?
123010340
In base 12, what is 24b3 - -24a?
2741
In base 4, what is 230222213 - 32?
230222121
In base 3, what is 11 + -1000102120?
-1000102102
In base 6, what is -3 + 12332022?
12332015
In base 6, what is 5040 + -2?
5034
In base 13, what is 6ac7 - 3?
6ac4
In base 15, what is 8ed2 + 0?
8ed2
In base 11, what is 2 + -48395?
-48393
In base 5, what is 10 + 200440303?
200440313
In base 16, what is -3139 - -4?
-3135
In base 9, what is 5 + 216671?
216676
In base 5, what is 10 - 241234112?
-241234102
In base 9, what is 57 - -4304?
4362
In base 7, what is -12034560 + 2?
-12034555
In base 8, what is -14 + -2044320?
-2044334
In base 15, what is 6 + -d71?
-d6a
In base 14, what is -2 - -133d9?
133d7
In base 12, what is -3 + 4627?
4624
In base 5, what is -32130 + 24?
-32101
In base 3, what is -1211 - -101012?
22101
In base 9, what is -51754 - -5?
-51748
In base 12, what is -437 + 44?
-3b3
In base 9, what is 82 + 1136?
1228
In base 5, what is 10 - -342024?
342034
In base 3, what is 100221021 - 11121?
100202200
In base 4, what is 22330020 + -1?
22330013
In base 13, what is 1 + 4137?
4138
In base 15, what is 4b23 + -4?
4b1e
In base 11, what is 3 + -717526?
-717523
In base 8, what is 14117517 + -2?
14117515
In base 3, what is 10 + 1212010120?
1212010200
In base 5, what is 104 + -31424303?
-31424144
In base 2, what